o. Is n a composite number?
False
Suppose 7 = 2*f + 11. Is ((-186)/6)/(f/10) a prime number?
False
Let g(r) = 270*r + 11. Let p be (22 + 0)/2 - 1 - 3. Is g(p) prime?
True
Let c = 2524 - -1237. Is c composite?
False
Let g(w) = -73*w**2 - 4*w. Let b(q) = 37*q**2 + 2*q. Let m(i) = -11*b(i) - 6*g(i). Is m(1) a prime number?
False
Let t(m) = -m + 13. Let j be ((-3)/9)/(((-2)/36)/1). Is t(j) composite?
False
Suppose 1 = -s + 2*d, -3*s + 25 = 2*s + 5*d. Suppose 3*k - 15 = s*r, -r + 0*k + 3*k = 15. Suppose -2*z + 135 + 35 = r. Is z prime?
False
Let t be (-5 - -6)/((-1)/2). Let c be (-1188)/(-4) - (-5 - t). Suppose 4*s + 8 - 71 = -r, -5*r = 5*s - c. Is r prime?
True
Suppose -44 = v - 755. Let a = v + -281. Suppose -2*h - a = q - 1167, 2*h - 4*q - 762 = 0. Is h a composite number?
True
Let g = 620 + 734. Suppose -2720 = -4*f - 5*d, 2*f - 2*d + 6*d = g. Is f a prime number?
False
Let r = 10461 + -4954. Is r prime?
True
Let l be (-64)/24*1143/(-2). Suppose 6*j = 2*j + l. Is j a composite number?
True
Let f(w) = -w**3 - w**2 + w. Let k(y) = 2*y**3 + 3*y**2 - 10*y - 8. Let t(v) = 4*f(v) + k(v). Is t(-7) prime?
False
Let d be 4/(-1)*-1 + -2. Is 1164 + 4 + -1*d/(-2) prime?
False
Suppose m = 797 + 372. Is m a prime number?
False
Let v(l) = 5723*l**2. Is v(1) prime?
False
Suppose -2*o = -3*j - 11, 0*j = 3*o + 3*j - 24. Let b(g) = 6*g**2 + 7*g - 6. Is b(o) composite?
False
Let x(p) = p**2 - 8*p + 3. Let r be x(5). Let k = r - -15. Suppose 666 = o + 3*z, -k*o + 6*o = -3*z + 2004. Is o prime?
False
Suppose -27*l = 8*l - 94465. Is l prime?
True
Let j(k) = -5*k + 20. Let c be 96/40*5/2. Let i be j(c). Is (-11 - i) + (83 - -1) a prime number?
True
Let c(y) = 4*y - 17. Let s be c(5). Suppose z - 310 = -s*p - 2*p, z + p - 330 = 0. Is z prime?
False
Let h(x) = 3*x. Let n(i) = 7*i. Let r(s) = 9*h(s) - 4*n(s). Let k be r(2). Let f(w) = -99*w**3 + 2*w**2 - 3*w - 3. Is f(k) prime?
False
Suppose 3*w = 1294 + 1652. Let r = w + -425. Is r a prime number?
True
Let f(u) = -u**2 + 6*u - 5. Let g be f(6). Is (g - -14)*(-163)/(-3) prime?
False
Let i = -25 - -9. Let v = i - -17. Let z = v + 14. Is z a prime number?
False
Suppose -37*m + 14*m + 18561 = 0. Is m composite?
True
Let u(a) = -62*a + 12. Let k be u(-4). Let m(p) = -p**2 + 7*p - 3. Let z be m(5). Let v = z + k. Is v prime?
False
Suppose 7*p = -517 - 2871. Let x = p - -689. Is x prime?
False
Suppose -4*j + 31 + 33 = 0. Let s = -273 - -285. Suppose s*w - j*w + 220 = 0. Is w a composite number?
True
Suppose 1367829 = 63*d + 367578. Is d composite?
False
Let l = -7676 + 11159. Is (5 - l)*2/(-4) composite?
True
Is (3037/4)/(-8*1/(-32)) a composite number?
False
Suppose 2*r + r = 0. Suppose r = -n - 2*n. Suppose n*x + 211 = x. Is x a prime number?
True
Suppose 21*d - 2486 = 19*d. Is d composite?
True
Let v be ((-6)/(-1))/2 - (5994 + -31). Let q = 8679 + v. Is q a prime number?
True
Suppose 15*l - 41*l = -208234. Is l a composite number?
False
Suppose 0 = s - 4*c + 2, -3*s = -0*s + 4*c + 6. Let w be 1*27*2/3. Is (s + w/8)*628 prime?
True
Let k(n) = 8*n**3 - 5*n**2 - 25*n - 3. Is k(7) prime?
False
Suppose -11*l = -3162 - 66611. Is l a prime number?
True
Let v(c) be the first derivative of 4*c**4 + 4 - 4/3*c**3 + 2*c**2 + c. Is v(3) a composite number?
False
Let u(n) be the first derivative of 34*n**3/3 - 9*n**2 + 7*n + 22. Is u(5) a composite number?
True
Is ((-144)/54)/((-4)/(-6)) + 18093 composite?
False
Let h be 3*4/(-18)*15. Is ((-282)/10)/(2/h) a prime number?
False
Let p = 4249 - 1790. Is p a prime number?
True
Let o be 22/(-2 - (-32)/20). Is 218/5 - (-33)/o composite?
False
Suppose -2*r + 8332 = -2*p, 0*p + p = -3*r + 12482. Is r a prime number?
False
Let f be 1 + (6 - (0 + 3)). Let x(y) = -f + 3 + 6 + 4*y + 0*y. Is x(4) a prime number?
False
Suppose -8*y + 560740 + 57700 = 0. Is y composite?
True
Let c be (4/(-3))/((-20)/15). Suppose c + 5 = -3*t. Is (-1760 - 1)*t/6 prime?
True
Let m be 0/(-2 - 1) - -13. Suppose 4*b = -5*h - 0*b + m, 2*h = 4*b - 6. Is (h - -2 - 0) + 470 a composite number?
True
Suppose -4*j - 50 = -170. Let a = 34 - j. Suppose 0 = i + a*p - 2045, 14353 = 5*i - 3*p + 4082. Is i composite?
False
Is 5095*(-8)/(-60)*3 a composite number?
True
Let w(c) = -246*c + 1. Let k be w(-1). Let p = -109 + k. Suppose -g + 4*o = -p, g + 2*g = -o + 401. Is g composite?
True
Let d = 24 - 14. Suppose d = -k + 31. Is k prime?
False
Let w(c) = 7*c**2 + 2*c + 1. Let g be w(-2). Suppose -g*r = -24*r - 71. Is r composite?
False
Suppose -9*m + 58142 = 2*d - 13*m, 3*m + 29072 = d. Is d a composite number?
True
Suppose -135*h + 372 = -132*h. Suppose -3*w = -485 - h. Is w prime?
False
Let c be (75/(-9))/(5/15). Is 24584/10 + (-15)/c composite?
False
Let i(a) = -979*a + 334. Is i(-48) a prime number?
False
Let s(t) = 3*t - 2. Let x be s(12). Suppose -11 - x = -4*a + 5*q, a = 4*q + 25. Suppose a*f - 1257 = -r, -3*f + r + 249 = -2*f. Is f a composite number?
False
Suppose 0 = 16*v - 12*v - 8. Suppose 4*y = -5*s + 9 + 20, 4*s = -y + 21. Is 2 - (y - v) - -260 composite?
False
Let h be (-3 + 0)/((-1)/(-1) + -2). Suppose -v - 5*j = -365, -2*v - h*v + 1825 = 2*j. Is v composite?
True
Suppose 48*j - 53*j + 47675 = 0. Is j composite?
True
Let p = 9063 + -5996. Is p composite?
False
Let d(f) = -715*f + 53. Is d(-14) composite?
True
Suppose -j - r = -657, -4*j + 0*r + 2633 = 3*r. Is j a composite number?
True
Let h = 1101 + -769. Suppose 78*y + h = 82*y. Is y composite?
False
Let z(m) = -m + 1. Let t be z(-5). Let s(r) = r**3 - 16*r**2 - 10*r + 129. Let o be s(16). Let c = t - o. Is c a prime number?
True
Let u(z) = -5*z - 9. Let w be u(-3). Suppose -w = -0*i - 3*i. Suppose -2383 = -5*y - 4*k, i*k - 6*k - 491 = -y. Is y a prime number?
True
Let y = -98 + 101. Suppose -9*r + 17826 = -y*r. Is r prime?
True
Is (-242811)/(-189) - ((-10)/(-14) + -1) a prime number?
False
Let h(q) = 2869*q + 24. Is h(1) a prime number?
False
Let b(k) = -k**3 - 6*k**2 - 3*k - 8. Suppose 3*l + 3*f - 25 = -4, 0 = -3*l - 4*f + 26. Let d be (-3 - 5)/l + -2. Is b(d) prime?
False
Suppose -4*n - 2807 = 4*p + 1077, 0 = 2*n - 5*p + 1963. Let y = -495 - n. Is y a prime number?
True
Suppose 0 = 96*p - 99*p + 85029. Is p a composite number?
True
Suppose -19824 + 6274 = -2*h. Suppose 2*p + k - h = 0, 0*p - k + 13549 = 4*p. Suppose 2*c = 5*s - p, -4*s + 663 = -3*s - 4*c. Is s composite?
True
Suppose -56*v + 28484 = -1147124. Is v composite?
True
Suppose -2*y - 2 = -8. Suppose -32 = -5*z + z + 4*p, 0 = y*z - p - 20. Is z prime?
False
Let h = 6 + -1. Suppose 0 = -h*c + 472 + 483. Is c composite?
False
Let l be ((-16)/(-2) - 3)/(10/4). Suppose -l*i + 433 = -505. Is i a composite number?
True
Let k = -4131 - -36230. Is k prime?
True
Suppose x - 5 = 5*z, -3*x = -0*x + 3*z - 51. Suppose 47 + 5 = b. Let f = b + x. Is f prime?
True
Let f be (-3 + 7)/(3/15). Let d be (-5)/f - 526/8. Let t = 77 - d. Is t composite?
True
Suppose -21*c = -115147 - 10202. Is c a composite number?
True
Let o = -11480 + 22240. Suppose 4*u = -20, 5*x - o = 2*u + u. Is x composite?
True
Suppose -47464 + 9550 = -6*i. Is i a composite number?
True
Suppose 402*p + 32735 = 407*p. Is p a prime number?
True
Is 9*10/90 - -1*3292 prime?
False
Suppose -6*v - 1645 = -619. Let b = v - -620. Is b composite?
False
Is (1 - (-6 + 450))/(2 - 3) a prime number?
True
Let x be ((-440)/50)/(2/(-140)). Suppose q - 65 - 56 = -c, 0 = -3*q + 5*c + 363. Let m = x + q. Is m composite?
True
Let a = -14 - -13. Let x be (-7 - -10) + a + 0. Is (-37)/x*70/(-5) composite?
True
Let l(v) = -v - 1. Let q be l(-5). Suppose 5*c - 5*n + n = 2847, -2*c + 1150 = q*n. Is c prime?
True
Let b be -1 - (-23419 + (-5 - -1)). Suppose 0 = 7*a + 7*a - b. Is a composite?
True
Let b = -8 + -103. Let d = 262 - b. Is d a prime number?
True
Let k = -8691 - -22498. Is k composite?
False
Let g be 1 + (4 - (-1 - 204)). Let i = -87 + g. Is i a composite number?
True
Suppose -4*d = a - 6542 + 2383, -3*d = 3*a - 3126. Is d prime?
True
Let p = -485 - -5627. Let t = -3563 + p. Is t a composite number?
False
Let q = 1311 + -592. Is q composite?
False
Suppose -5*u = 2*d - 5, -d + 3 = 3*u - 0. Suppose d = 2*n - 1288 + 390. Is n prime?
True
Let j be 1494 + 10*(-4)/8. Let p be 11/2 - 2/4. Suppose r + w - j = -3*r, 0 = p*r + 3*w - 1856. Is r composite?
False
Let c(i) = 6*i**3 + 